. Suppose y = -h + u + 10, -h - 4*u = -6*h + 51. What is the highest common divisor of z and h?
11
Let l(x) = x + 80. Let h be l(32). What is the greatest common factor of 64 and h?
16
Let h(r) = 18*r**2 - 7*r - 2. Let i be h(2). Let v be (9/(-6))/((-7)/i). What is the greatest common factor of 48 and v?
12
Let o be 5 + -7 - (-68 - 0). Let q = -39 + 61. Calculate the highest common factor of q and o.
22
Let u = 141 + -112. Suppose -23*z - 54 = -u*z. What is the greatest common divisor of z and 9?
9
Suppose 0 = 12*p - 159 - 477. Calculate the greatest common factor of 2173 and p.
53
Suppose 0 = -4*l + 44. What is the greatest common divisor of 407 and l?
11
Let r(c) = c - 5. Let v be (-84)/(-10) - (-6)/(-15). Let q be r(v). Let l(u) = -4*u - 22. Let s be l(-6). What is the highest common divisor of q and s?
1
Suppose 0 = -2*c - 4*g - 68 - 44, -3*c = -2*g + 192. Let v = c - -127. Calculate the highest common factor of 13 and v.
13
Let t(p) = -26*p**3 - p**2. Let i be t(1). Let j be (-534)/i - 4/(-18). Calculate the highest common divisor of j and 30.
10
Let x be (-1)/2 + 13/2. Let v(f) = f**2 + 22*f + 51. Let a be v(-19). Let l be a/9 + (-308)/(-12) + -1. Calculate the greatest common divisor of l and x.
6
Let f(p) = p**2 + 11*p - 1. Let l be f(2). Calculate the greatest common factor of l and 75.
25
Suppose 0*q = -3*w + 2*q - 37, 0 = -4*w + 4*q - 48. Let g = -7 - w. Suppose 431 = 7*k + 53. What is the highest common factor of k and g?
6
Suppose 0 = 3*j - 22 - 5. Suppose -j - 11 = -2*k. Let g(v) = v**2 + v + 8. Let f be g(6). What is the greatest common factor of k and f?
10
Let k be 2 + 2/6*3. Suppose -5*q - 4 = -k*q. Let h(b) = -87*b + 2. Let n be h(q). Calculate the highest common factor of 16 and n.
16
Suppose -2*o + 4 = -4. Let r(j) = 7*j + 7. Let t be r(o). Let a be (-10)/t - 678/(-21). Calculate the greatest common factor of 16 and a.
16
Let m = -36 - -22. Let u(r) = -r**2 + 2*r + 8. Let f be u(-4). Let v = m - f. What is the highest common divisor of 6 and v?
2
Suppose -12 = 2*l - 64. Let m be 8/(-6) - (-1393)/21. Calculate the highest common factor of m and l.
13
Let d be (49 - 0 - 1)*9/6. Let x = 72 + -36. Calculate the greatest common divisor of d and x.
36
Suppose -4*x = -5*t + 1400, 0 = 24*t - 27*t + 2*x + 840. What is the highest common divisor of 70 and t?
70
Suppose -4*w + 3344 = -4*r, -w + 3*w = 4*r + 1670. Calculate the highest common divisor of 54 and w.
27
Let u be (-396)/(-10) + 16/40. Let c = u - 27. Calculate the highest common divisor of 78 and c.
13
Suppose 7*a = -3*c + 5*a + 5, 16 = -4*c + 3*a. Let b be (-2)/(-1) + (c - -47). Calculate the highest common factor of 6 and b.
6
Let y(f) = 8*f**3 - f**2 + 3*f - 7. Let d be y(3). What is the greatest common divisor of 55 and d?
11
Suppose -8*p = -3*p - 4*r + 401, 4*p - r = -323. Let z be (-1 - -3)/((-6)/p). Let o = -33 + 51. What is the greatest common factor of z and o?
9
Let z = 35 - 31. Suppose 2*a - 96 = -a + 4*n, 0 = -a - 5*n + 32. Calculate the highest common divisor of z and a.
4
Let g(l) = -l + 11. Let c be g(0). Suppose o = -2*o + 237. Suppose -2*u - 4*i + 47 + 103 = 0, o = u - 2*i. Calculate the highest common factor of c and u.
11
Suppose -5*j - x + 803 = x, -2*j - x = -321. Calculate the highest common divisor of j and 115.
23
Let l = 7 - -23. Let p(r) = 69*r + 558. Let q be p(-8). Calculate the greatest common divisor of l and q.
6
Let a(p) = -p**3 - p**2 - 4*p + 6. Let b be a(-5). Let g be (-88)/55 - (12/(-20) + 1). Let d be (14/(-21))/(g/b). What is the highest common divisor of d and 6?
6
Let j = 3 - -10. Suppose 11*q + j = 12*q. Calculate the highest common factor of q and 143.
13
Let y be ((-420)/(-18) - 2)*9/6. What is the highest common factor of 128 and y?
32
Let f = 284 + -170. Let o = f - 92. Calculate the highest common factor of o and 55.
11
Let q be 1/(-1)*8/(-4). Let o be (13 - 3)*(-1 + q). Let t be (5/o)/(1/234). Calculate the highest common divisor of t and 13.
13
Let c(x) = -x**2 + 5*x - 5. Let g be c(6). Let r = -7 - g. Suppose 2*v - r*s - 156 = 0, -2*v + 4*s = -6*v + 324. What is the highest common divisor of v and 10?
10
Let m = 180 - 172. Calculate the greatest common divisor of 104 and m.
8
Let d = -125 - -206. Let n = -36 - -45. Let m be 7/n - (-18)/d. Calculate the highest common factor of m and 2.
1
Let v = 278 + -203. What is the highest common divisor of v and 100?
25
Suppose 0 = -5*i + m + 448, -i - m + 47 + 45 = 0. Suppose -4*j + 545 - 131 = -486. What is the highest common divisor of j and i?
45
Let n be 3 - -401 - (-15)/(0 - -5). Calculate the highest common divisor of n and 11.
11
Let f(k) = k**3 + 31*k**2 - 3*k - 71. Let g be f(-31). What is the greatest common divisor of g and 2?
2
Let a = 367 - -143. Calculate the highest common factor of 5 and a.
5
Let k(p) = -p**2 + p + 0*p + 0*p - 14*p + 20. Let r be k(-16). Let c be (r/(-35))/(2/30). What is the highest common divisor of 36 and c?
12
Suppose -8*h + h = 35. Let z be 31/(((-10)/h)/2). Let x(o) = -61*o**3 + o**2 + o + 1. Let p be x(-1). What is the greatest common divisor of z and p?
31
Suppose -9*i = -19 - 710. Let l = 123 - i. Calculate the greatest common divisor of 21 and l.
21
Let z be 30/21*14/4. Suppose z*l - 34 - 46 = 0. Suppose -212 - 188 = -5*a. What is the highest common divisor of a and l?
16
Let c(w) = w**2 - 32*w + 162. Let z be c(27). What is the greatest common factor of z and 9?
9
Suppose 0 = 4*v - 0*v + 12. Let g be -2 - 7/(7/v). What is the greatest common factor of 7 and g?
1
Suppose 0 = 4*r - 2*x - 2, -4*x - 4 = 5*r - 2*r. Suppose 2*t - 5*d - 16 = r, 0 = 2*t - d - 2*d - 24. Calculate the highest common divisor of 36 and t.
18
Let o(i) = -i**3 - 4*i**2 + 15*i - 15. Let b be o(-7). Let x = 117 + -63. Calculate the greatest common factor of b and x.
27
Suppose -c + 10 = 2*f, -c + 2 = -2. Suppose -f*y - b = 70, -1 + 15 = -y - 5*b. Let w be (-275)/(-13) + y/156. Calculate the highest common divisor of 42 and w.
21
Suppose 0 = 2*s - 6*s + 3*h + 14, 12 = s - 5*h. Let l = -973 - -979. What is the highest common factor of l and s?
2
Suppose -26*b + 22*b + 584 = 0. Let r = b + -66. What is the greatest common factor of 16 and r?
16
Suppose -6*y + r = -7*y + 41, -5*y + 155 = -5*r. Calculate the highest common divisor of y and 84.
12
Suppose 0 = 3*b + n - 1647, n = 5*b - 0*b - 2745. What is the greatest common divisor of 9 and b?
9
Let l = 3 + 1. Suppose l*n - 160 + 28 = 4*j, -2*n - j + 54 = 0. Suppose -261 = 36*b - 37*b. What is the greatest common divisor of n and b?
29
Let n(s) = -2*s**2 + 9. Let u be n(0). Let j be u/15 - 2708/(-20). Calculate the highest common factor of j and 17.
17
Let x be (((-5)/(-15))/(2/132))/2. Let z(n) = -n**3 + 15*n**2 - 11*n - 9. Let m be z(14). Calculate the highest common divisor of x and m.
11
Let c = -534 + 611. Calculate the highest common factor of 847 and c.
77
Let g be (80 - 2) + (-2)/(-1). Suppose -c - b + 32 = -3*b, -5*b + 25 = c. Let y be c/3 + -2 - 0. Calculate the greatest common factor of g and y.
8
Suppose -i - k + 261 = 0, 4*i - 35*k + 40*k - 1045 = 0. Calculate the highest common factor of i and 364.
52
Let u(h) = 2*h**3 - 11*h**2 - 6*h + 3. Let x be u(6). Suppose -1 = 5*n + 4*v - 2*v, -2*v = 2*n + 4. Calculate the highest common factor of n and x.
1
Let j(f) = f**2 + 3*f + 4. Let p be j(-5). Let z be 1 + 1 - p*(-4 - 3). Calculate the greatest common factor of 40 and z.
20
Let k(s) = -s**3 - 9*s**2 + 9*s - 10. Let f be k(-10). Suppose 3*r = -9, 3*x - 3*r + f*r = 54. What is the highest common factor of x and 105?
15
Suppose -5*l = -38 - 32. Let i be 2292/18 - 2/(-9)*-6. Calculate the greatest common divisor of i and l.
14
Let p = -19 - -49. Let n be (-1)/9*-15*54. Calculate the highest common divisor of p and n.
30
Let d be -2 + 3*(-3)/9. Let q be (0 + d)*16/(-12). Suppose 4 = f - q*p, 4*f = -p - p + 16. Calculate the greatest common factor of 8 and f.
4
Suppose 5 - 1 = z. Suppose -2*f - 116 = -2*u - 0*f, -f = 5*u - 302. What is the greatest common factor of z and u?
4
Let f = -781 + 821. What is the highest common factor of 28 and f?
4
Suppose 23*g + 1950 = 62*g. Calculate the greatest common factor of 210 and g.
10
Suppose -5*y - 2 + 32 = 0. Let u(k) = 6*k - 72. Let n be u(19). Calculate the greatest common facto